v**2 + 2*v + 2. Suppose 1282 - 1270 = -4*k, 4*k + 8 = 4*g. Determine b(g).
-4
Let v(o) = 21*o + 2. Let f(x) = 980*x + 105. Let p(z) = f(z) - 49*v(z). What is p(1)?
-42
Suppose -g - 20 + 60 = -5*g. Let d(w) = -w**3 - 10*w**2 + 3*w - 2. What is d(g)?
-32
Let t(z) = 11*z**3 + z**2 - 219*z - 4. Let m(f) = 5*f**3 - 98*f - 2. Let o(u) = -9*m(u) + 4*t(u). Let j be (6 - -1) + (3 - 5). Determine o(j).
7
Suppose -4*d = 2*v - 6, -43*v - 2 = -47*v - 3*d. Let a(r) be the second derivative of -5*r**4/6 + r. Give a(v).
-10
Let p(r) = 9*r + 20. Let c(z) = 2*z**3 + 12*z**2 + 40*z + 372. Let a be c(-7). Determine p(a).
-34
Let b be -13 + 378/(-70)*-5. Let a(i) = 11*i - 177. Determine a(b).
-23
Let u(s) = s**3 + 8*s**2 - 13*s - 10. Let a(y) = 4*y - 15. Let o be a(3). Let x be -6 - -12 - (18 - (-9)/o). Determine u(x).
26
Let m(r) = 2*r**3 - 40*r**2 + 31*r + 25. Let l(f) = 3*f**3 - 60*f**2 + 47*f + 40. Let v(c) = -5*l(c) + 7*m(c). Give v(19).
-6
Let i(g) be the first derivative of 6*g**2 + 78*g + 4. Let q be i(-7). Let k(f) = f + 7. Give k(q).
1
Let b = -12 + 12. Let w(t) be the third derivative of t**5/60 - t**4/24 - 7*t**3/6 - 828*t**2. What is w(b)?
-7
Let i(v) = v**2 + 5*v + 3. Let q = 612 + -605. Let h = 17 + -15. Suppose 0 = -h*s + q - 15. What is i(s)?
-1
Let h(a) = 12*a + 1. Suppose 4*m - 34 = -3*f, -5*f = -3*m + 7*m - 38. Suppose m*g + 61 - 12 = 0. Let v(w) = 4*w + 27. Let o be v(g). Give h(o).
-11
Let v = 19466 + -19466. Let g(d) = -d**2 - 21*d. Calculate g(v).
0
Suppose -14 + 28 = -2*r. Let b(f) = 10*f + 22. Let s(q) = -3*q - 6. Let o(u) = r*s(u) - 2*b(u). Let j = 5 + 3. Calculate o(j).
6
Let f(l) = -3*l + 19*l - 535 + 1115 - 506. Determine f(-4).
10
Suppose f + p = 3*f + 5, 4*f - 4*p = -16. Let u(n) = 0 + 266*n + 1 - 1 - 251*n. Calculate u(f).
-15
Let q(t) = 351429 + 3*t**2 + 9*t - 2*t**2 - 351397. Calculate q(-7).
18
Let h(a) = -a**2 + 13*a + 5. Let q be h(13). Let v(s) = -q*s + 4*s - s + 2*s**2 + 4 - s. Let m(t) = t**2 - 1. Let i(y) = m(y) - v(y). Calculate i(4).
-9
Let s = 167 + -160. Let t(c) = -s*c - 9*c + 2*c + 5*c + 4. Calculate t(3).
-23
Let v(f) = -2*f**3 - 31*f**2 + 18*f + 36. Let a = 463 - 479. Let z be v(a). Let r(q) = -q**2 + 6*q + 1. Calculate r(z).
9
Let z(m) = 21*m**2 + 56*m + 61. Let c(p) = 4*p**2 + 11*p + 11. Let g(u) = -11*c(u) + 2*z(u). Give g(-7).
-34
Let j(g) = 125 + 12*g + 18*g - 10*g**2 - 37*g - g**3 - 115. Let p = 13 + -22. Determine j(p).
-8
Suppose 26 = x - 2*f, 5*f - 54 = 16*x - 22*x. Let m(l) = l**2 - 14*l - 18. Determine m(x).
-18
Let w(b) be the first derivative of -7*b**2/2 + b - 1. Let h(z) = -2824*z + 48013. Let p be h(17). What is w(p)?
-34
Suppose -4*w = 0, -8*m - 378*w + 8 = -374*w. Let l(d) = 34*d**2 - 2*d + 1. What is l(m)?
33
Let b(m) = m**3 + 4*m**2 - 6*m - 8. Suppose -11*n + 4*h + 12 = -13*n, 12 = -2*n + 4*h. Determine b(n).
-44
Let o(j) = j**2 - 6*j + 9. Suppose 115 = 9*h - 371. Suppose 8*d + d = h. What is o(d)?
9
Let o(u) = -5*u**3 - 11*u**2 - 15*u + 15. Let g(h) = -7*h**3 - 11*h**2 - 19*h + 14. Let w(b) = -3*g(b) + 4*o(b). Determine w(12).
126
Let i(n) = -n**3 + 40*n**2 + 38*n + 131. Let m be i(41). Let t(k) be the second derivative of -m*k + 0 + 1/2*k**3 + 5/2*k**2. Give t(-4).
-7
Suppose -3*i + 264 = 258. Suppose -3*n - 9*a + 9 = -6*a, 0 = -i*n + 4*a - 6. Let m(t) = t**2 - t + 1. Give m(n).
1
Let n(s) = s**3 + 7*s**2 + 7*s - 4. Let b(a) = -a**3 - 6*a**2 - 7*a + 3. Let r(w) = -2*b(w) - 3*n(w). Let i = 60 + 93. Suppose -i*z + 32 = -157*z. Give r(z).
-2
Let f(a) be the second derivative of -a**3/6 - a. Suppose -10*k + 228 + 32 = 0. Suppose -k*c = -29*c + 12. Determine f(c).
-4
Let d(f) = -f**3 + 6*f**2 + 2*f + 17. Suppose 4*w - 52 = 4*a, 24*w - 2*a = 19*w + 47. What is d(w)?
-18
Let x be (105/63)/(2/12). Let z be (-12)/x*(-240)/(-36). Let g(u) be the second derivative of u**5/20 + 7*u**4/12 - 7*u**3/6 + 5*u**2 + u. Give g(z).
2
Let l(w) = 2*w - 7. Let m(a) be the first derivative of -5*a**4/4 - a**3/3 + a**2 + 3*a - 14. Let y be m(-1). Determine l(y).
3
Let k(z) = z**3 + 8*z**2 - 3*z - 2. Let w be k(-4). Suppose 205 = 3*h - 2*f, -16*h = -13*h - f - 209. Let y = h - w. Let s(n) = n**2 - 3. What is s(y)?
6
Let u(a) = -a + 1. Let f be u(-7). Suppose -4 - 20 = -f*s. Let l(j) = -j**3 + j**2 + 8*j - 3. What is l(s)?
3
Let v(o) = -o**3 - 6*o**2 - 3*o - 9. Let j(f) = -8*f + 365. Let g be j(32). Suppose 0 = 113*m - g*m + 2*i + 28, -3*i + 24 = -5*m. Give v(m).
9
Let c(u) be the first derivative of 3*u**2/2 + 2*u - 1. Let v = 109 - 111. Let h be ((5 - 3)/v)/(1/(-3)). Calculate c(h).
11
Let b(u) = 1 - u - 4 + 11. Suppose 0 = 14*t - 85*t. Give b(t).
8
Let r be ((30/4)/5)/(18/252). Let q be (-6)/(-2)*4/6. Let m(w) = 9*w + 39*w**2 - 17*w**2 - r*w**q + 4. What is m(-6)?
-14
Let l(r) = -5*r + 184. Let x be l(38). Let n(m) = 3*m + 6. Let d(j) = 1. Let g(p) = -3*d(p) - n(p). What is g(x)?
9
Let g(l) = 2*l**2 + 10*l - 12. Let h be 10 - 1080/105 - (-16)/7. Calculate g(h).
16
Suppose 32*a + 6166 = -67*a + 1315. Let k(z) = z**3 + 47*z**2 - 97*z + 44. What is k(a)?
-5
Let h = 316 - 278. Suppose 10*d + 56 = h*d. Let n(j) = -2*j**3 + 3*j**2 - 2*j. Calculate n(d).
-8
Let h(a) = -10*a**2 + 58*a - 35*a - 23*a. Suppose -16 = 3*x - 19. What is h(x)?
-10
Let i(a) = a**2 - 3*a + 10. Let g(p) = 2*p**2 - 7*p + 20. Let l(n) = 4*g(n) - 9*i(n). Let z = -13 - -13. What is l(z)?
-10
Let g(v) = 29*v + 9 - 25*v + 7 - 18. Let m = 0 + -1. What is g(m)?
-6
Let g(k) = -2*k + 7. Let a(o) = o**2 - 18*o - 13. Let f = -195 + 126. Let i = f + 88. Let l be a(i). What is g(l)?
-5
Let y = 965 + -958. Let z(m) = m**2 - 6*m - 6. Determine z(y).
1
Let k(h) = 3*h + 5. Let x(l) = 2*l**3 - 35*l**2 - 13*l - 86. Suppose 3*a + f - 57 = 0, a = 4*a - 4*f - 42. Let s be x(a). Calculate k(s).
17
Let f(v) = 11*v**2 - 10*v + 23. Let g(s) = s**2. Let h(d) = f(d) - 10*g(d). Give h(5).
-2
Suppose 0 = -12*h + 142 - 70. Suppose 5*w = 5*l + 60, h - 4 = 2*l. Let q(t) = -t**2 + 13*t + 18. Calculate q(w).
18
Let p(m) = 33*m + 158. Suppose 145*q - 1465 - 371 = 604*q. Determine p(q).
26
Let b(m) be the second derivative of -2*m**4/3 - m**3/2 - m**2 - 198*m. Give b(-3).
-65
Let l(b) be the first derivative of -48 + 1/2*b**2 + 0*b - 1/3*b**3 - 1/4*b**4. Give l(0).
0
Let s(f) = -f**2 - 12*f - 1. Let j be (-6)/33 - (-1248)/88. Suppose -j*w + 2*w = 132. Give s(w).
10
Let p = 66 + -22. Suppose -7*y - p = -485. Suppose -9*o + 0*o = -y. Let z(r) = r - 15. Give z(o).
-8
Let r(z) = z - 6. Suppose 25*k - 26*k = -13. Calculate r(k).
7
Suppose 0*i - 5 = -i. Suppose -10*v = -i*v. Let d(z) be the first derivative of -z**2/2 + 10*z - 65. What is d(v)?
10
Let r be (4/(-12))/(1/(-345)). Let w = 111 - r. Let y(j) = -j**2 - 4*j + 4. Calculate y(w).
4
Let u(z) be the third derivative of 0*z + z**3 + 28*z**2 + 0 + 1/24*z**4. Determine u(5).
11
Suppose 0 = -12*w + 44 + 16. Let h(u) = -3 + 3*u + 22 - w. Calculate h(-6).
-4
Let p(b) be the second derivative of b**4/6 + b**3/6 + 6*b - 2. Let l(f) = f**2 - 8*f + 8. Let n be l(7). Give p(n).
3
Let h(p) be the first derivative of 3*p + 2 - 3/4*p**4 - 2*p**2 + 4/3*p**3. Suppose -115*j + 110*j = -5*u + 35, 0 = j + 5. What is h(u)?
-13
Let l be (24/10)/((-96)/(-1360)). Let q(j) = j**3 - 34*j**2 + 4*j - 132. Calculate q(l).
4
Let q = 152 + 24. Let r = 171 - q. Let x(c) = c**3 - c**2 + c - 1. Let p(k) = 5*k**3 - 11*k**2 + 8*k - 5. Let g(y) = -p(y) + 6*x(y). Give g(r).
9
Let i(o) be the third derivative of -o**5/60 - 5*o**4/12 - o**3/6 - 4*o**2. Let n(z) = -29*z**2 + 3*z**3 - 5 - z**3 + 30*z**2 - 4*z. Let b be n(-2). Give i(b).
8
Suppose 11*t = -140 + 646. Suppose 41*z - t*z - 45 = 0. Let v(p) = p**3 + 7*p**2 - 17*p + 3. Calculate v(z).
-6
Let q be 4/48*-3*(-16)/2. Suppose q = -3*u + 11. Let z(s) = 7 - u*s - 2 + 5*s + s. Determine z(-4).
-7
Let z(m) be the third derivative of -m**5/60 - 3*m**4/8 + m**3/2 - m**2. Suppose -6*c + 24 = -0. Let d be (-3)/4 + (-33)/c. Calculate z(d).
3
Let c(x) be the first derivative of -1/2*x**2 + 126 - 27*x. Determine c(0).
-27
Let w(s) = -s**3 + 12*s**2 - 11*s + 3. Suppose 2*c - 6 - 38 = 4*a, 0 = 4*c + 4*a - 40. Let f be (21/c)/(3/22). Determine w(f).
3
Suppose -24 = -5*m - 4*j, -4*j + 19 = m + 11. Let o(k) be the second derivative of 0 - 1/12*k**m - 1/2*k**3 - 7/2*k**2 + 3*k. What is o(-5)?
-17
Let x(y) = -65*y - 394. Let q be (-792)